Select a Year or Month report
Report for 2023 Jul
MONTHLY CLIMATOLOGICAL SUMMARY for JUL. 2023
NAME: agiavarvara CITY: Agia Varvara STATE:
ELEV: 600 m LAT: 35.1N LONG: 25.0E
TEMPERATURE (C), RAIN (mm), WIND SPEED (km/hr)
HEAT COOL AVG
MEAN DEG DEG WIND DOM
DAY TEMP HIGH TIME LOW TIME DAYS DAYS RAIN SPEED HIGH TIME DIR
------------------------------------------------------------------------------------
1 22.1 28.1 12:10 16.3 4:50 0.3 4.1 0.0 3.4 20.9 13:20 SW
2 23.9 30.4 13:40 16.8 4:20 0.2 5.8 0.2 4.5 35.4 14:20 NE
3 22.6 28.8 12:50 17.3 5:20 0.0 4.3 0.0 3.7 22.5 18:40 ENE
4 22.9 28.5 13:10 17.9 5:30 0.0 4.6 0.2 4.7 24.1 11:20 SW
5 23.6 29.9 13:10 17.6 2:10 0.0 5.3 0.0 4.2 22.5 12:00 WSW
6 24.9 30.4 16:30 18.7 2:00 0.0 6.7 0.0 7.9 33.8 15:30 SW
7 25.7 30.4 15:30 20.9 4:10 0.0 7.4 0.0 8.5 38.6 18:00 SW
8 25.9 29.7 12:30 22.6 0:30 0.0 7.7 0.0 11.1 38.6 12:40 SSW
9 23.6 26.4 13:30 21.8 3:20 0.0 5.3 0.0 16.7 53.1 23:00 SSW
10 23.5 25.9 16:50 21.3 5:10 0.0 5.2 0.0 23.7 61.2 10:10 SSW
11 24.7 27.8 17:00 22.3 6:20 0.0 6.4 0.0 16.6 48.3 0:30 SSW
12 25.3 29.9 15:30 19.9 4:30 0.0 7.0 0.0 9.0 35.4 8:20 SW
13 26.8 32.3 13:00 22.3 6:20 0.0 8.5 0.0 6.4 30.6 14:10 SSW
14 28.3 33.9 15:00 22.7 0:10 0.0 10.0 0.0 5.8 33.8 14:20 WSW
15 29.4 36.5 14:20 23.7 23:10 0.0 11.2 0.0 4.5 27.4 12:00 SW
16 28.9 33.3 14:50 24.8 0:10 0.0 10.6 0.0 12.9 43.5 21:30 SSW
17 26.1 30.4 12:30 21.2 6:10 0.0 7.7 0.0 12.1 38.6 0:10 SW
18 27.4 31.4 14:10 22.8 1:10 0.0 9.1 0.0 12.4 41.8 4:20 SW
19 27.2 31.7 14:00 23.3 2:40 0.0 8.9 0.0 14.5 49.9 12:10 SSW
20 27.0 33.8 13:40 21.9 2:10 0.0 8.7 0.0 6.3 24.1 10:30 SW
21 29.2 36.3 13:10 22.1 2:20 0.0 10.9 0.0 3.7 24.1 14:00 SW
22 29.9 35.6 16:10 24.9 6:10 0.0 11.6 0.0 4.8 27.4 14:30 SW
23 31.7 37.9 14:50 25.1 5:00 0.0 13.4 0.0 3.2 30.6 14:40 SW
24 28.8 33.6 11:20 23.9 6:10 0.0 10.5 0.0 7.4 41.8 20:20 SSW
25 29.4 32.4 15:30 24.9 0:30 0.0 11.1 0.0 21.4 61.2 7:00 SSW
26 33.0 39.8 14:10 26.6 00:00 0.0 14.7 0.0 4.3 30.6 0:40 SSW
27 28.4 35.7 11:50 22.1 23:20 0.0 10.2 0.0 7.1 33.8 19:00 WSW
28 24.2 28.7 14:20 20.1 23:10 0.0 5.9 0.0 10.8 38.6 11:30 SSW
29 24.4 30.0 13:40 18.4 5:50 0.0 6.1 0.0 8.9 33.8 14:00 SSW
30 27.0 31.3 15:50 22.4 1:40 0.0 8.7 0.0 11.1 43.5 15:10 SSW
31 27.1 31.1 13:30 21.6 00:00 0.0 8.8 0.0 11.6 43.5 17:20 SSW
-------------------------------------------------------------------------------------
26.6 39.8 26 16.3 1 0.5 256.5 0.4 9.1 61.2 10 SSW
Max >= 32.0: 12
Max <= 0.0: 0
Min <= 0.0: 0
Min <= -18.0: 0
Max Rain: 0.20 ON 02/07/23
Days of Rain: 2 (> .2 mm) 0 (> 2 mm) 0 (> 20 mm)
Heat Base: 18.3 Cool Base: 18.3 Method: Integration