Select a Year or Month report
Report for 2021 Oct
MONTHLY CLIMATOLOGICAL SUMMARY for OCT. 2021
NAME: agiavarvara CITY: Agia Varvara STATE:
ELEV: 600 m LAT: 35.1N LONG: 25.0E
TEMPERATURE (C), RAIN (mm), WIND SPEED (km/hr)
HEAT COOL AVG
MEAN DEG DEG WIND DOM
DAY TEMP HIGH TIME LOW TIME DAYS DAYS RAIN SPEED HIGH TIME DIR
------------------------------------------------------------------------------------
1 16.3 19.0 14:20 14.9 19:40 2.0 0.0 0.0 17.5 51.5 5:10 SSW
2 15.7 18.8 13:00 13.7 4:50 2.6 0.0 0.0 15.0 45.1 6:10 SSW
3 15.8 19.3 13:30 13.5 23:40 2.6 0.1 0.0 14.5 38.6 0:40 SSW
4 15.9 20.4 13:30 13.1 3:50 2.7 0.3 0.0 14.0 37.0 1:30 SSW
5 16.6 21.6 12:50 13.8 2:50 2.3 0.6 0.0 12.7 40.2 9:50 SW
6 15.7 19.9 14:10 13.0 23:50 2.8 0.2 0.0 13.5 38.6 13:10 SW
7 16.2 22.9 14:20 10.8 6:00 3.1 1.0 0.0 5.8 25.7 1:40 SW
8 17.9 23.0 15:20 13.7 4:40 1.6 1.3 0.0 4.5 29.0 14:20 NE
9 19.1 24.8 13:50 14.2 6:00 1.3 2.0 0.2 3.4 32.2 13:00 NE
10 19.3 26.0 12:20 12.9 5:50 1.3 2.4 0.0 2.1 20.9 13:20 NE
11 20.1 27.1 12:10 15.6 5:30 0.5 2.3 0.0 2.7 27.4 12:20 NE
12 16.6 19.9 13:40 14.3 21:20 1.7 0.0 2.2 6.1 37.0 14:50 NE
13 15.6 21.1 15:10 10.3 6:50 3.1 0.4 0.0 2.7 27.4 13:40 NE
14 15.6 19.4 16:10 13.6 5:20 2.7 0.0 18.2 2.9 29.0 16:40 NNE
15 16.3 20.6 13:20 11.9 4:10 2.2 0.2 26.4 10.3 62.8 3:50 NE
16 14.5 17.6 13:00 11.9 00:00 3.8 0.0 6.4 6.1 35.4 13:00 NE
17 14.9 21.1 15:00 9.8 5:40 3.7 0.3 0.0 1.0 14.5 14:50 NE
18 13.7 19.2 11:40 9.7 4:50 4.6 0.0 5.0 3.2 22.5 15:20 SW
19 14.2 17.6 14:50 12.0 7:30 4.1 0.0 0.4 9.3 33.8 10:00 SW
20 14.3 17.8 13:30 11.9 23:00 4.0 0.0 0.0 13.4 41.8 8:40 SW
21 13.7 18.9 14:00 10.3 5:20 4.6 0.0 0.0 5.1 24.1 0:20 SW
22 14.6 21.4 15:00 8.1 6:20 4.2 0.5 0.2 1.0 16.1 15:10 NE
23 15.5 21.8 13:30 9.9 7:10 3.5 0.7 0.2 0.8 29.0 14:00 ENE
24 16.4 22.7 11:00 11.2 7:00 2.9 1.0 0.2 4.8 30.6 21:30 SW
25 14.4 17.1 13:30 11.8 00:00 3.9 0.0 0.0 15.0 40.2 10:40 SW
26 12.4 15.3 14:00 11.2 23:50 5.9 0.0 8.0 12.9 33.8 12:20 SW
27 11.9 12.8 21:30 11.1 0:10 3.5 0.0 0.2 11.9 30.6 16:40 SW
28 13.4 15.5 14:40 11.9 5:50 4.9 0.0 0.0 12.2 35.4 10:30 SW
29 13.3 16.9 12:10 12.1 20:00 5.0 0.0 0.0 8.7 27.4 7:40 SW
30 12.8 15.2 12:00 11.7 5:20 5.5 0.0 0.2 8.0 25.7 12:00 SW
31 12.8 14.4 11:10 11.3 5:20 5.5 0.0 0.2 7.6 27.4 21:20 SW
-------------------------------------------------------------------------------------
15.3 27.1 11 8.1 22 102.3 13.3 68.0 8.0 62.8 15 SW
Max >= 32.0: 0
Max <= 0.0: 0
Min <= 0.0: 0
Min <= -18.0: 0
Max Rain: 26.39 ON 15/10/21
Days of Rain: 14 (> .2 mm) 6 (> 2 mm) 1 (> 20 mm)
Heat Base: 18.3 Cool Base: 18.3 Method: Integration