Select a Year or Month report
Report for 2019 Apr
MONTHLY CLIMATOLOGICAL SUMMARY for APR. 2019
NAME: agiavarvara CITY: Agia Varvara STATE:
ELEV: 590 m LAT: 35.1N LONG: 25.0E
TEMPERATURE (C), RAIN (mm), WIND SPEED (km/hr)
HEAT COOL AVG
MEAN DEG DEG WIND DOM
DAY TEMP HIGH TIME LOW TIME DAYS DAYS RAIN SPEED HIGH TIME DIR
------------------------------------------------------------------------------------
1 9.9 13.6 16:20 7.5 4:40 8.3 0.0 0.0 10.9 46.7 6:50 NE
2 10.0 14.5 13:50 5.7 7:10 8.3 0.0 0.0 5.3 35.4 10:50 NE
3 9.8 14.2 15:00 5.1 6:00 8.5 0.0 0.0 2.6 22.5 14:40 NE
4 10.6 15.1 14:40 7.6 0:10 7.7 0.0 0.0 1.0 22.5 15:10 NE
5 9.9 11.6 12:30 8.7 3:10 8.4 0.0 6.6 4.3 29.0 23:00 W
6 11.7 12.9 14:40 9.8 2:00 6.6 0.0 55.2 10.9 61.2 3:20 W
7 12.1 15.3 15:00 9.7 00:00 6.2 0.0 4.4 1.1 20.9 15:30 W
8 10.3 14.4 11:50 7.3 22:00 8.0 0.0 9.6 7.7 40.2 17:50 W
9 9.5 12.7 11:50 6.4 3:20 8.8 0.0 0.2 7.4 43.5 14:30 W
10 10.7 13.6 16:20 8.6 3:30 7.6 0.0 0.0 7.2 33.8 11:00 W
11 12.7 18.5 17:00 6.9 6:20 5.6 0.0 0.0 3.1 22.5 13:50 W
12 15.1 19.7 13:20 11.6 7:00 3.3 0.1 0.0 7.4 33.8 12:50 W
13 14.2 17.9 14:20 9.6 23:40 4.1 0.0 0.0 4.7 22.5 2:30 ESE
14 10.9 14.6 11:30 6.5 5:50 7.4 0.0 0.0 4.0 29.0 16:50 W
15 10.7 14.3 14:50 7.1 23:20 7.6 0.0 3.2 5.6 35.4 22:10 W
16 9.3 12.0 11:50 6.1 5:30 9.0 0.0 2.0 8.2 48.3 14:20 NE
17 10.8 15.3 13:10 7.3 5:50 7.4 0.0 4.0 5.5 30.6 2:00 NE
18 10.3 13.8 12:00 6.8 2:20 8.0 0.0 0.0 5.5 30.6 23:30 NE
19 9.6 12.0 11:30 7.8 7:50 8.8 0.0 0.4 13.4 54.7 16:40 NE
20 10.2 14.0 13:20 7.6 00:00 8.1 0.0 0.6 11.4 45.1 10:30 NE
21 8.8 12.2 15:50 6.2 7:00 9.5 0.0 0.0 13.0 46.7 14:20 NE
22 10.1 13.8 15:40 7.2 6:50 8.2 0.0 0.0 8.4 32.2 11:00 NE
23 13.8 18.5 14:30 8.1 2:10 4.5 0.0 0.0 5.0 29.0 13:40 W
24 17.2 19.4 12:00 15.1 7:20 1.2 0.1 0.0 8.2 32.2 12:00 W
25 19.2 23.8 14:10 15.9 5:40 0.6 1.5 0.0 4.3 24.1 14:50 W
26 19.5 26.0 13:40 14.1 7:30 0.9 2.1 0.0 2.7 19.3 7:00 ESE
27 19.4 25.9 13:50 13.6 7:00 1.1 2.2 0.0 2.6 14.5 9:50 ESE
28 18.3 23.5 13:00 14.3 23:50 1.3 1.3 0.0 2.6 17.7 14:10 ESE
29 15.8 20.8 13:40 10.4 23:30 2.9 0.4 0.0 3.5 25.7 17:30 W
30 13.7 19.7 14:10 8.8 6:10 4.8 0.2 0.0 3.9 25.7 14:00 W
-------------------------------------------------------------------------------------
12.5 26.0 26 5.1 3 182.7 7.8 86.2 6.1 61.2 6 W
Max >= 32.0: 0
Max <= 0.0: 0
Min <= 0.0: 0
Min <= -18.0: 0
Max Rain: 55.19 ON 06/04/19
Days of Rain: 10 (> .2 mm) 7 (> 2 mm) 1 (> 20 mm)
Heat Base: 18.3 Cool Base: 18.3 Method: Integration