NOAA Reports/Αναφορές NOAA

Select a Year or Month report
2019 > Jan Feb Mar Apr May Jun Jul Aug Sep Oct Nov Dec
2018 > Jan Feb Mar Apr May Jun Jul Aug Sep Oct Nov Dec
2017 > Jan Feb Mar Apr May Jun Jul Aug Sep Oct Nov Dec
2016 > Jan Feb Mar Apr May Jun Jul Aug Sep Oct Nov Dec
2015 > Jan Feb Mar Apr May Jun Jul Aug Sep Oct Nov Dec
2014 > Jan Feb Mar Apr May Jun Jul Aug Sep Oct Nov Dec

Report for 2019 03
                   MONTHLY CLIMATOLOGICAL SUMMARY for MAR. 2019

NAME: agiavarvara   CITY: Agia Varvara   STATE:  
ELEV:   590 m  LAT: 35.1N  LONG: 25.0E

                   TEMPERATURE (C), RAIN  (mm), WIND SPEED (km/hr)

                                      HEAT  COOL        AVG
    MEAN                              DEG   DEG         WIND                 DOM
DAY TEMP  HIGH   TIME   LOW    TIME   DAYS  DAYS  RAIN  SPEED HIGH   TIME    DIR
------------------------------------------------------------------------------------
 1   7.8  11.6   13:30   1.8    1:50  10.5   0.0   0.0   2.4  20.9   12:00     W
 2   9.3  12.1   13:20   7.5   23:00   9.0   0.0   2.6   7.6  38.6   12:00     W
 3   8.8  12.2   12:20   6.1    4:00   9.5   0.0   4.6   8.5  43.5   15:00    NE
 4   7.4  11.1   12:10   3.8   23:50  10.9   0.0   0.4   3.5  25.7   10:50    NE
 5   9.2  14.1   13:10   3.6    0:40   9.2   0.0   0.2   2.9  25.7   23:30     W
 6   9.7  11.9   11:20   8.2    1:10   8.7   0.0   0.0   6.8  25.7   11:00   WNW
 7  11.3  16.7   15:40   5.5    6:00   7.0   0.0   0.2   1.4  14.5   16:10    NW
 8  12.1  18.5   13:20   6.9   23:20   6.2   0.0   0.2   1.4  16.1   14:30    NW
 9  11.9  16.7   14:00   7.1    7:00   6.4   0.0   0.0   1.8  14.5   15:10    NW
10  14.5  20.6   14:30   8.9    0:10   4.0   0.2   0.0   1.8  20.9    5:40    NW
11  11.7  15.8   13:20   8.5    6:40   6.6   0.0   0.0   6.0  37.0   15:10     W
12  10.6  13.8   13:20   6.4   00:00   7.7   0.0  13.4   7.6  43.5   20:30     W
13   7.4  11.0   12:50   4.9    3:30  10.9   0.0   6.0   8.7  51.5   20:50    NE
14   8.3  11.6   12:10   5.8    7:00  10.0   0.0   0.4   5.5  35.4   00:00     W
15   7.6  12.1   11:10   5.1   23:30  10.8   0.0  15.4   5.6  38.6    0:40     W
16   9.3  14.1   14:40   5.5    0:20   8.9   0.0   0.2   6.4  43.5    7:10    NE
17  12.3  17.8   13:20   6.6    1:20   6.0   0.0   0.0   2.4  20.9   13:40     W
18   9.9  13.8   12:30   6.4    5:00   8.4   0.0   0.2   5.1  25.7   11:20     W
19  11.4  17.1   16:00   6.9    6:30   6.9   0.0   0.2   2.9  20.9    1:20     W
20  11.1  14.9   11:50   7.6    5:50   7.2   0.0   0.0   4.8  30.6   22:30    NE
21  11.3  14.8   13:00   8.2    4:20   7.0   0.0   0.2  10.8  40.2   16:10    NE
22  10.5  14.6   13:50   7.2   23:50   7.8   0.0   0.2  10.0  38.6   16:10    NE
23  10.2  14.8   14:00   6.9    0:50   8.1   0.0   0.0   7.7  32.2   14:20    NE
24   9.9  12.1   12:20   7.4   22:40   8.3   0.0   0.0  23.0  78.9   10:50    NE
25   8.3  11.3    9:40   7.4    4:00   4.0   0.0   0.0  16.6  53.1    6:00   NNE
26
27
28
29
30
31
-------------------------------------------------------------------------------------
    10.1  20.6    10     1.8     1   200.2   0.2  44.4   6.5  78.9    24      NE

Max >=  32.0:  0
Max <=   0.0:  0
Min <=   0.0:  0
Min <= -18.0:  0
Max Rain: 15.39 ON 15/03/19
Days of Rain: 15 (> .2 mm) 5 (> 2 mm) 0 (> 20 mm)
Heat Base:  18.3  Cool Base:  18.3  Method: Integration