NOAA Reports/Αναφορές NOAA

Select a Year or Month report
2019 > Jan Feb Mar Apr May Jun Jul Aug Sep Oct Nov Dec
2018 > Jan Feb Mar Apr May Jun Jul Aug Sep Oct Nov Dec
2017 > Jan Feb Mar Apr May Jun Jul Aug Sep Oct Nov Dec
2016 > Jan Feb Mar Apr May Jun Jul Aug Sep Oct Nov Dec
2015 > Jan Feb Mar Apr May Jun Jul Aug Sep Oct Nov Dec
2014 > Jan Feb Mar Apr May Jun Jul Aug Sep Oct Nov Dec

Report for 2019 05
                   MONTHLY CLIMATOLOGICAL SUMMARY for MAY. 2019

NAME: agiavarvara   CITY: Agia Varvara   STATE:  
ELEV:   590 m  LAT: 35.1N  LONG: 25.0E

                   TEMPERATURE (C), RAIN  (mm), WIND SPEED (km/hr)

                                      HEAT  COOL        AVG
    MEAN                              DEG   DEG         WIND                 DOM
DAY TEMP  HIGH   TIME   LOW    TIME   DAYS  DAYS  RAIN  SPEED HIGH   TIME    DIR
------------------------------------------------------------------------------------
 1  14.0  22.5   14:20   8.2    6:50   4.9   0.6   3.0   2.6  24.1   17:20     W
 2  13.8  19.2   14:20   9.2    6:10   4.6   0.0   0.2   2.6  19.3   14:00   ESE
 3  14.0  19.9   15:30   7.8    5:30   4.4   0.2   0.0   2.7  27.4   11:20   ESE
 4  14.6  19.1   15:30  10.3    0:40   3.7   0.0   0.0   6.4  25.7   10:40     W
 5  16.6  20.3   15:30  12.8   23:30   1.9   0.2   0.2   7.7  40.2   13:30     W
 6  13.4  16.5   17:50  10.5   23:50   4.8   0.0   0.0   5.3  25.7   19:30     W
 7  12.0  15.8   15:40   8.7   23:20   6.3   0.0   0.0   7.1  33.8   11:50     W
 8  11.4  16.7   13:40   5.1    6:20   6.9   0.0   0.0   2.7  20.9   13:30    NE
 9  12.4  17.6   13:50   6.9    4:50   5.9   0.0   0.2   3.5  24.1   13:30     W
10  13.2  18.4   15:40   9.6    1:10   5.1   0.0   0.0   6.9  24.1    9:30     W
11  14.3  18.6   12:30  10.2    3:30   3.9   0.0   0.0   7.2  35.4   11:30    NE
12  15.6  21.2   14:00  10.5    4:40   3.3   0.5   0.0   3.4  20.9   10:40    NE
13  17.4  22.3   15:20  11.7    4:20   2.0   1.1   0.0   4.8  24.1   13:50     W
14  19.8  24.8   14:20  15.6   23:00   0.7   2.2   0.0   6.0  27.4    3:10     W
15  16.9  21.9   12:40  12.7    7:50   1.7   0.2   1.8   4.5  30.6   14:30   ESE
16  15.4  21.1   13:00  10.4    6:20   3.5   0.5   0.2   3.5  22.5   14:00    NE
17  14.8  19.7   10:40  10.6    0:30   3.7   0.1   0.0   3.7  29.0   11:30     W
18  16.6  22.7   14:40   9.3    2:40   2.9   1.1   0.0   2.4  17.7   15:10    NW
19  19.8  23.9   13:40  14.2    0:20   0.6   2.1   0.0   8.7  35.4   18:00     W
20  22.1  28.8   18:00  17.2    6:40   0.0   3.8   0.0   4.0  33.8    3:10     W
21  22.9  28.2   13:50  15.3    3:20   0.3   4.9   0.0   2.7  19.3    0:30   ESE
22  24.2  28.3   13:00  22.0    6:00   0.0   3.4   0.0   5.1  24.1   13:10   SSE
23
24
25
26
27
28
29
30
31
-------------------------------------------------------------------------------------
    16.1  28.8    20     5.1     8    71.0  21.0   5.6   4.7  40.2     5       W

Max >=  32.0:  0
Max <=   0.0:  0
Min <=   0.0:  0
Min <= -18.0:  0
Max Rain: 3.00 ON 01/05/19
Days of Rain: 6 (> .2 mm) 1 (> 2 mm) 0 (> 20 mm)
Heat Base:  18.3  Cool Base:  18.3  Method: Integration