NOAA Reports/Αναφορές NOAA

Select a Year or Month report
2019 > Jan Feb Mar Apr May Jun Jul Aug Sep Oct Nov Dec
2018 > Jan Feb Mar Apr May Jun Jul Aug Sep Oct Nov Dec
2017 > Jan Feb Mar Apr May Jun Jul Aug Sep Oct Nov Dec
2016 > Jan Feb Mar Apr May Jun Jul Aug Sep Oct Nov Dec
2015 > Jan Feb Mar Apr May Jun Jul Aug Sep Oct Nov Dec
2014 > Jan Feb Mar Apr May Jun Jul Aug Sep Oct Nov Dec

Report for 2019 08
                   MONTHLY CLIMATOLOGICAL SUMMARY for AUG. 2019

NAME: agiavarvara   CITY: Agia Varvara   STATE:  
ELEV:   590 m  LAT: 35.1N  LONG: 25.0E

                   TEMPERATURE (C), RAIN  (mm), WIND SPEED (km/hr)

                                      HEAT  COOL        AVG
    MEAN                              DEG   DEG         WIND                 DOM
DAY TEMP  HIGH   TIME   LOW    TIME   DAYS  DAYS  RAIN  SPEED HIGH   TIME    DIR
------------------------------------------------------------------------------------
 1  25.8  29.9   15:40  20.8    2:10   0.0   7.5   0.0   9.7  41.8   17:10    NE
 2  27.7  30.9   15:10  25.1    1:30   0.0   9.4   0.0  11.7  46.7   12:20   NNE
 3  28.4  34.6   13:40  22.7    6:40   0.0  10.1   0.0   2.3  33.8    2:50     E
 4  27.3  32.4   13:10  21.8   00:00   0.0   9.0   0.0   5.8  40.2    4:10   NNE
 5  24.0  27.8   15:00  20.7    4:10   0.0   5.7   0.0  11.7  45.1   15:30   NNE
 6  22.9  25.7   12:40  20.9   21:40   0.0   4.6   0.0  19.3  62.8    8:20    NE
 7  23.1  28.1   15:10  19.4    6:40   0.0   4.8   0.0   9.0  37.0    0:10    NE
 8  23.2  29.3   15:10  18.2    6:50   0.0   4.9   0.0   4.0  22.5    2:20    NE
 9  24.1  30.1   14:30  17.9    6:40   0.0   5.8   0.0   3.9  22.5   14:00   ESE
10  25.6  31.3   14:00  20.7    6:10   0.0   7.3   0.0   7.1  32.2   12:50    NE
11  24.6  31.2   14:40  19.8    6:30   0.0   6.2   0.0   7.7  33.8   13:30    NE
12  23.8  29.2   14:40  19.2    6:30   0.0   5.5   0.0   5.3  25.7   13:30   ENE
13  23.7  30.7   14:00  18.2    6:50   0.0   5.4   0.0   4.5  22.5   16:00   ESE
14  23.3  31.1   13:30  17.8    6:30   0.0   5.1   0.0   2.7  20.9   14:20   ESE
15  24.2  30.2   17:10  18.3    4:30   0.0   5.9   0.0   2.7  17.7   13:30    NE
16  23.6  28.8   14:10  19.7    4:50   0.0   5.3   0.0   4.3  24.1   15:30    NE
17  22.6  27.6   14:10  18.8    6:10   0.0   4.3   0.0   7.9  33.8   19:10    NE
18  21.9  24.6   13:30  19.3    4:40   0.0   3.6   0.0  19.3  54.7    8:20    NE
19  21.7  26.7   15:40  18.7    7:20   0.0   3.4   0.0  12.2  43.5   11:20    NE
20  21.3  25.8   15:30  16.7    6:20   0.1   3.1   0.0   8.7  35.4   13:40    NE
21  21.9  26.5   14:50  15.9    7:00   0.1   3.7   0.0   6.3  38.6    1:50    NE
22  23.3  28.6   15:20  18.4    4:20   0.0   5.0   0.0   8.9  40.2   14:10    NE
23  24.2  29.8   13:20  21.2    7:30   0.0   3.4   0.0   6.9  33.8    0:10    NE
24
25
26
27
28
29
30
31
-------------------------------------------------------------------------------------
    24.0  34.6     3    15.9    21     0.3 129.1   0.0   7.9  62.8     6      NE

Max >=  32.0:  2
Max <=   0.0:  0
Min <=   0.0:  0
Min <= -18.0:  0
Max Rain: 0.00 ON 01/08/19
Days of Rain: 0 (> .2 mm) 0 (> 2 mm) 0 (> 20 mm)
Heat Base:  18.3  Cool Base:  18.3  Method: Integration